{"id":1825,"date":"2014-04-02T05:22:44","date_gmt":"2014-04-02T05:22:44","guid":{"rendered":"http:\/\/entiri.com\/decoy_wp\/?page_id=1825"},"modified":"2015-06-27T18:31:48","modified_gmt":"2015-06-27T18:31:48","slug":"parallax-5","status":"publish","type":"page","link":"https:\/\/www.amasmunduate.com\/index.php\/parallax-5\/","title":{"rendered":"Parallax"},"content":{"rendered":"<p>[vc_row][vc_column width=\u00bb1\/4&#8243;][vc_toggle title=\u00bbNortzuk diren\u00bb open=\u00bbtrue\u00bb css_animation=\u00bbleft-to-right\u00bb style=\u00bbdefault\u00bb size=\u00bbmd\u00bb]Talde Profesional gazte eta dinamiko bat gara, empresa txikiei, autonomoei eta partikularrei aholkularitza eta gestio zerbitzuak Administrazio Publiko desberdinen aurrean \u00a0ematen duena.[\/vc_toggle][\/vc_column][vc_column width=\u00bb1\/2&#8243;][vc_single_image image=\u00bb12&#8243; alignment=\u00bbcenter\u00bb border_color=\u00bbgrey\u00bb img_link_large=\u00bb\u00bb img_link_target=\u00bb_self\u00bb][\/vc_column][vc_column width=\u00bb1\/4&#8243;][vc_toggle title=\u00bbQui\u00e9nes somos\u00bb style=\u00bbdefault\u00bb size=\u00bbmd\u00bb open=\u00bbtrue\u00bb]Somos un equipo de profesionales joven y din\u00e1mico con amplia experiencia en prestaci\u00f3n de servicios de asesoramiento y gesti\u00f3n integral para peque\u0144as empresas y aut\u00f3nomos, as\u00ed como servicios a particulares ante las distintas Administraciones P\u00fablicas.[\/vc_toggle][\/vc_column][\/vc_row][vc_row][vc_column width=\u00bb1\/1&#8243;][vc_images_carousel images=\u00bb13,12&#8243; onclick=\u00bblink_no\u00bb custom_links_target=\u00bb_self\u00bb mode=\u00bbhorizontal\u00bb speed=\u00bb5000&#8243; slides_per_view=\u00bb1&#8243; autoplay=\u00bb\u00bb hide_pagination_control=\u00bb\u00bb hide_prev_next_buttons=\u00bb\u00bb partial_view=\u00bb\u00bb wrap=\u00bb\u00bb][vc_spacer height=\u00bb80&#8243;][vc_text_separator title=\u00bbGet in Touch\u00bb style=\u00bbstyle3&#8243;][vc_spacer height=\u00bb40&#8243;][\/vc_column][\/vc_row][vc_row][vc_column width=\u00bb1\/3&#8243;][vc_testimonial type=\u00bbtype2&#8243; animation=\u00bbbounceIn\u00bb name=\u00bbKameron Wert\u00bb job=\u00bbArtist\u00bb]No sea takimata sanctus est Lorem ipsum dolor sit amet. Lorem ipsum dolor sit amet, consetetur sadipscing elitr, sed diam nonumy eirmod tempor invidunt ut labore et dolore magna aliquyam erat, sed diam voluptua. Lorem ipsum dolor sit amet.[\/vc_testimonial][vc_spacer height=\u00bb80&#8243;][\/vc_column][vc_column width=\u00bb2\/3&#8243;][vc_gmaps type=\u00bbm\u00bb zoom=\u00bb14&#8243; bubble=\u00bb1&#8243; style=\u00bb\u00abborder: 0\u00ab;\u00bb src=\u00bb\u00abhttps:\/\/www.google.com\/maps\/embed?pb=!1m18!1m12!1m3!1d28061.76939946035!2d-16.28633455!3d28.45782039999998!2m3!1f0!2f0!3f0!3m2!1i1024!2i768!4f13.1!3m3!1m2!1s0xc41cceccc254171%3A0x43111473d277e52e!2sSanta+Cruz+de+Tenerife!5e0!3m2!1ssk!2s!4v1396421420839\u00ab\u00bb height=\u00bb450&#8243; width=\u00bb600&#8243;][vc_spacer height=\u00bb80&#8243;][\/vc_column][\/vc_row][vc_row full_width=\u00bbtrue\u00bb bg_type=\u00bbimage\u00bb bg_image=\u00bb1544&#8243; parallax_style=\u00bbvcpb-fs-jquery\u00bb bg_image_repeat=\u00bbno-repeat\u00bb bg_image_size=\u00bbcover\u00bb bg_img_attach=\u00bbfixed\u00bb parallax_sense=\u00bb30&#8243; bg_override=\u00bbfull\u00bb image=\u00bb846&#8243;][vc_column width=\u00bb1\/1&#8243;][vc_spacer height=\u00bb100&#8243;][vc_spacer height=\u00bb100&#8243;][vc_column_text]<\/p>\n<h2 style=\"text-align: center;\"><span style=\"color: #ffffff;\">Parallax Background Image<\/span><\/h2>\n<h3 style=\"text-align: center;\"><span style=\"color: #ffffff;\">Interactive Scroll<\/span><\/h3>\n<p>[\/vc_column_text][vc_spacer height=\u00bb100&#8243;][vc_spacer height=\u00bb100&#8243;][\/vc_column][\/vc_row][vc_row][vc_column width=\u00bb1\/1&#8243;][\/vc_column][\/vc_row]<\/p>\n","protected":false},"excerpt":{"rendered":"<p>[vc_row][vc_column width=\u00bb1\/4&#8243;][vc_toggle title=\u00bbNortzuk diren\u00bb open=\u00bbtrue\u00bb css_animation=\u00bbleft-to-right\u00bb style=\u00bbdefault\u00bb size=\u00bbmd\u00bb]Talde Profesional gazte eta dinamiko bat gara, empresa txikiei, autonomoei eta partikularrei aholkularitza eta gestio zerbitzuak Administrazio Publiko desberdinen aurrean \u00a0ematen duena.[\/vc_toggle][\/vc_column][vc_column width=\u00bb1\/2&#8243;][vc_single_image image=\u00bb12&#8243; alignment=\u00bbcenter\u00bb border_color=\u00bbgrey\u00bb img_link_large=\u00bb\u00bb img_link_target=\u00bb_self\u00bb][\/vc_column][vc_column width=\u00bb1\/4&#8243;][vc_toggle title=\u00bbQui\u00e9nes somos\u00bb style=\u00bbdefault\u00bb size=\u00bbmd\u00bb open=\u00bbtrue\u00bb]Somos un equipo de profesionales joven y din\u00e1mico con amplia experiencia en prestaci\u00f3n de servicios [&hellip;]<\/p>\n","protected":false},"author":1,"featured_media":0,"parent":0,"menu_order":0,"comment_status":"closed","ping_status":"closed","template":"","meta":{"saved_in_kubio":false,"footnotes":""},"kubio_ai_page_context":{"short_desc":"","purpose":"general"},"_links":{"self":[{"href":"https:\/\/www.amasmunduate.com\/index.php\/wp-json\/wp\/v2\/pages\/1825"}],"collection":[{"href":"https:\/\/www.amasmunduate.com\/index.php\/wp-json\/wp\/v2\/pages"}],"about":[{"href":"https:\/\/www.amasmunduate.com\/index.php\/wp-json\/wp\/v2\/types\/page"}],"author":[{"embeddable":true,"href":"https:\/\/www.amasmunduate.com\/index.php\/wp-json\/wp\/v2\/users\/1"}],"replies":[{"embeddable":true,"href":"https:\/\/www.amasmunduate.com\/index.php\/wp-json\/wp\/v2\/comments?post=1825"}],"version-history":[{"count":5,"href":"https:\/\/www.amasmunduate.com\/index.php\/wp-json\/wp\/v2\/pages\/1825\/revisions"}],"predecessor-version":[{"id":5261,"href":"https:\/\/www.amasmunduate.com\/index.php\/wp-json\/wp\/v2\/pages\/1825\/revisions\/5261"}],"wp:attachment":[{"href":"https:\/\/www.amasmunduate.com\/index.php\/wp-json\/wp\/v2\/media?parent=1825"}],"curies":[{"name":"wp","href":"https:\/\/api.w.org\/{rel}","templated":true}]}}

<p>[vc_row][vc_column width=»1/4&#8243;][vc_toggle title=»Nortzuk diren» open=»true» css_animation=»left-to-right» style=»default» size=»md»]Talde Profesional gazte eta dinamiko bat gara, empresa txikiei, autonomoei eta partikularrei aholkularitza eta gestio zerbitzuak Administrazio Publiko desberdinen aurrean  ematen duena.[/vc_toggle][/vc_column][vc_column width=»1/2&#8243;][vc_single_image image=»12&#8243; alignment=»center» border_color=»grey» img_link_large=»» img_link_target=»_self»][/vc_column][vc_column width=»1/4&#8243;][vc_toggle title=»Quiénes somos» style=»default» size=»md» open=»true»]Somos un equipo de profesionales joven y dinámico con amplia experiencia en prestación de servicios de asesoramiento y gestión integral para pequeńas empresas y autónomos, así como servicios a particulares ante las distintas Administraciones Públicas.[/vc_toggle][/vc_column][/vc_row][vc_row][vc_column width=»1/1&#8243;][vc_images_carousel images=»13,12&#8243; onclick=»link_no» custom_links_target=»_self» mode=»horizontal» speed=»5000&#8243; slides_per_view=»1&#8243; autoplay=»» hide_pagination_control=»» hide_prev_next_buttons=»» partial_view=»» wrap=»»][vc_spacer height=»80&#8243;][vc_text_separator title=»Get in Touch» style=»style3&#8243;][vc_spacer height=»40&#8243;][/vc_column][/vc_row][vc_row][vc_column width=»1/3&#8243;][vc_testimonial type=»type2&#8243; animation=»bounceIn» name=»Kameron Wert» job=»Artist»]No sea takimata sanctus est Lorem ipsum dolor sit amet. Lorem ipsum dolor sit amet, consetetur sadipscing elitr, sed diam nonumy eirmod tempor invidunt ut labore et dolore magna aliquyam erat, sed diam voluptua. Lorem ipsum dolor sit amet.[/vc_testimonial][vc_spacer height=»80&#8243;][/vc_column][vc_column width=»2/3&#8243;][vc_gmaps type=»m» zoom=»14&#8243; bubble=»1&#8243; style=»«border: 0«;» src=»«https://www.google.com/maps/embed?pb=!1m18!1m12!1m3!1d28061.76939946035!2d-16.28633455!3d28.45782039999998!2m3!1f0!2f0!3f0!3m2!1i1024!2i768!4f13.1!3m3!1m2!1s0xc41cceccc254171%3A0x43111473d277e52e!2sSanta+Cruz+de+Tenerife!5e0!3m2!1ssk!2s!4v1396421420839«» height=»450&#8243; width=»600&#8243;][vc_spacer height=»80&#8243;][/vc_column][/vc_row][vc_row full_width=»true» bg_type=»image» bg_image=»1544&#8243; parallax_style=»vcpb-fs-jquery» bg_image_repeat=»no-repeat» bg_image_size=»cover» bg_img_attach=»fixed» parallax_sense=»30&#8243; bg_override=»full» image=»846&#8243;][vc_column width=»1/1&#8243;][vc_spacer height=»100&#8243;][vc_spacer height=»100&#8243;][vc_column_text]</p>
<h2 style="text-align: center;"><span style="color: #ffffff;">Parallax Background Image</span></h2>
<h3 style="text-align: center;"><span style="color: #ffffff;">Interactive Scroll</span></h3>
<p>[/vc_column_text][vc_spacer height=»100&#8243;][vc_spacer height=»100&#8243;][/vc_column][/vc_row][vc_row][vc_column width=»1/1&#8243;][/vc_column][/vc_row]</p>

<p>[vc_row][vc_column width=»1/4&#8243;][vc_toggle title=»Nortzuk diren» open=»true» css_animation=»left-to-right» style=»default» size=»md»]Talde Profesional gazte eta dinamiko bat gara, empresa txikiei, autonomoei eta partikularrei aholkularitza eta gestio zerbitzuak Administrazio Publiko desberdinen aurrean  ematen duena.[/vc_toggle][/vc_column][vc_column width=»1/2&#8243;][vc_single_image image=»12&#8243; alignment=»center» border_color=»grey» img_link_large=»» img_link_target=»_self»][/vc_column][vc_column width=»1/4&#8243;][vc_toggle title=»Quiénes somos» style=»default» size=»md» open=»true»]Somos un equipo de profesionales joven y dinámico con amplia experiencia en prestación de servicios [&hellip;]</p>
